 + -16))?
148
What is 43 + (4 - 11 - -8) - (9 - 2)?
37
Evaluate 154 + -22 + -61 - (-12 - -2) - 23.
58
Evaluate (5 + -1 + 13 - -5) + (2 - (23 - 16)).
17
What is the value of 12 + -1 + (-1167 - -1180)?
24
What is the value of 6 + -8 + -5 + -1 + (10 - 6) + 4?
0
What is 7 + -5 + (1 + 7 - -4) - (45 + 0)?
-31
Calculate -8 - (2 - -2) - (47 + -8 - 7).
-44
-66 + ((-13 - -21) + -8 - -17)
-49
What is 44 - (0 - -5 - (76 - (8 + 72)))?
35
What is (-10 - -64) + (8 - (-28 + 11))?
79
Evaluate (48 - 46) + (22 - (14 + (6 - 14))).
18
What is the value of -72 - (15 + -106 + 127)?
-108
Evaluate 22 + 1 - -10 - (-63 + -22).
118
Evaluate 44 + -43 + -2 + -1.
-2
Evaluate (3 - -46) + (27 - (34 + -2)).
44
What is -13 + (-18 - (-20 - 11)) + 30?
30
Calculate 80 + -23 + -24 + -37 - (7 - 1) - -124.
114
28 + 7 + 96 - 171
-40
What is the value of (13 - -13) + -12 - (-6 - -66)?
-46
Evaluate 1 - -4 - (-700 - -626).
79
Calculate (664 - 702) + (-63 - -2).
-99
What is (-9 - 2) + 4 - -3 - ((-2 - 7) + 99)?
-94
What is the value of (-12 - 15) + 49 - -28?
50
Calculate -96 + 112 - ((35 - 5) + 3).
-17
What is the value of 10 - 0 - (26 - 10 - 13) - 61?
-54
What is -74 + (-86 - -145) + 3 + -2?
-14
What is -4 + -67 + 4 + 9 - (0 - (4 + -6))?
-60
Evaluate -64 - (-15 + (4 + 2 - 25)).
-30
Calculate -75 - (-103 - -50) - 2.
-24
(3 - -7) + -5 - (152 - 88) - 24
-83
What is the value of -64 + (-149 + 138 - (2 - (16 - -1) - -2))?
-62
(4 - -8) + -65 + -36 + 39
-50
Evaluate -23 - 13 - (78 - 145).
31
What is 13 - ((31 - 92) + 175)?
-101
What is the value of (-2 - 18 - -1) + (-544 - -652)?
89
What is (105 - 69 - 84) + 3?
-45
Calculate (-7 - 4) + -1 + 5 + -13 + 26 + 4.
10
What is the value of -28 - ((11 - 10) + (8 + 0 - 0) + 1)?
-38
What is (-2 - 30 - -2) + (-96 + 281 - 194)?
-39
What is -70 + 99 - 26 - 74?
-71
-46 + -2 + 70 + -39
-17
What is the value of (-14 - (-26 + -8 + 16)) + 8 + -5?
7
What is -40 - (-19 + -3) - -24 - (-5 - 2)?
13
What is the value of -5 - (-4 + (-18 - -24 - -8))?
-15
What is the value of 13 + -4 + -8 - (10 + -32 + -4)?
27
What is the value of -46 + 20 + 13 - (-7 - (5 - -4 - 55))?
-52
What is the value of (-5933 - -5939) + (2 + -1 - 5)?
2
What is the value of 1 + 27 + (-3441 - -3490)?
77
5 + -17 - (-3 + 3 + -1 + 25)
-36
Calculate -5 - (4 + -8) - ((-10 + 13 - 22) + 8).
10
(-1 - (5 - (3 - 0)) - -21) + -10 - 18
-10
Evaluate -2 + (-34 - (-4 - 36)) + -23.
-19
Calculate -46 + 74 - 5 - -20.
43
1 + -31 + (5 - 6) + (-4 - (-17 - -2))
-20
-10 - (-2 + -6) - -14 - -5
17
Calculate 21 - (93 - 24) - (-8 - 12).
-28
-94 - (2 + (-19 - -36) - 16) - -20
-77
What is (-28 - -13) + -10 - 18?
-43
Calculate 21 + -4 + (-36 - (2 - 34)).
13
(-1 - 10) + 2 + 179 + (-42 - 132)
-4
(-10 - (-10 - 6 - 20)) + 36
62
What is the value of -172 - -50 - (9 - 70)?
-61
Calculate -5 + (11 - 2) + (-5 + 12 + -59 - -10).
-38
What is -10 + 19 - 1 - (2 - -7 - (7 - 3))?
3
What is 14 + -8 - -37 - (3 - (-4 - -3 - 2))?
37
190 - (-20 + 132) - 118
-40
What is 3 - (-2 + -1) - 16 - ((39 - 17) + -71)?
39
0 + 52 - (133 - 77)
-4
What is the value of (-49 - -1) + (-66 - -143) + -65?
-36
(0 - (-12 + (17 - -25))) + 6 + -15
-39
Calculate -51 + -296 + 136 + 126.
-85
What is the value of 47 + -27 + -29 - (23 + (1 - 3))?
-30
Evaluate -2 - 86 - (-31 + -38 - -79).
-98
Evaluate -2 + -1 + 1 + (34 - (-7 + 35)) + 2.
6
Calculate -15 + (-16 - (-5 + 8)) + 45.
11
What is the value of 3437 + -3473 - (6 - 3)?
-39
Calculate 108 - 34 - (6 - (-2 - -14)).
80
What is -8 + -1 + (-3 - 0) - (-3299 + 3355)?
-68
(748 - 792) + 21 + 1
-22
Calculate (-1 - -13) + 118 + 138 + -280.
-12
26 + 20 + -8 + -4 - (-13 - 2)
49
What is the value of -12 + -2 + 2 - (-56 - (-28 + 36 - -27))?
79
What is the value of -111 + 68 + 35 + (-3 - 7)?
-18
(-1 - (0 + -2)) + (-45 - (-132 + 185))
-97
What is 2 + 0 - (4549 + -4524)?
-23
What is -5 + -20 - (-10 + (13 - 22) + 19)?
-25
Calculate -65 + 1 + 45 - 5.
-24
Calculate 26 + (-1 - -28 - (108 - 46)).
-9
-13 - (5 - (3 + 9 + -12) - 49)
31
What is the value of -1 - 0 - (44 + (-149 - -150 - (8 + 1)))?
-37
Calculate 80 - (21 + 29 - -33).
-3
Calculate (40 - 38) + (-61 - -40) + 71.
52
Calculate 4 + -140 + (58 - (-187 - -258)).
-149
What is 93 + 92 + -69 + -151?
-35
Calculate (46 - -33) + -169 + (0 - 29).
-119
Evaluate 29 + (-5 - 5) + 50 + -22.
47
Calculate (-4 - (142 + 0)) + 35 + (-4 - -5) + -27.
-137
What is the value of 16 + (-3 - -3) - (8 - -3 - 10)?
15
What is the value of (-123 - -3) + (16 + -16 + 7 - 10 - -1)?
-122
What is (6 + -1 - 6) + (-397 - -432)?
34
Calculate 36 + -1 - (4089 - 4138).
84
What is -31 + (-32 - (-14 + -27)) + (-2 - -11)?
-13
-3 - -9 - (1739 + -1842)
109
What is (4 + -11 - -13) + (16 - 10) + -31?
-19
What is (93 - 5) + 295 + -348?
35
What is -12 + (-11 + (69 - 0) - (11 - -6))?
29
What is the value of -4 - (0 - (-1 + (0 - 1))) - (-4808 + 4790)?
12
-3 + -71 + (-3 + 37 + -8 - 9)
-57
Evaluate -9 - (0 + (-1 - 12) - (-604 - -553)).
-47
Evaluate -11 - -32 - ((17 - -23) + -81).
62
Evaluate 0 + 16 + (-9 - -18) + 11.
36
What is the value of (-79 - -47) + -82 + -2 + 22?
-94
What is 193 - 334 - -106 - (-5 + (-3 - -1))?
-28
Evaluate -61 - (-28 - -22) - ((9 - 10) + 9 + -3).
-60
What is (19 - 0) + -6141 + 6029?
-93
What is -4174 - -4213 - (2 - (1 + -21))?
17
Evaluate -26 + 14 + -9 + 68.
47
What is the value of (-75 - -207) + -144 - (-12 - 0 - 1)?
1
-4 - (-4 - 20) - (243 + -260)
37
-3 + 0 - (13 - (-245 + 244 - (1 - 7)))
-11
-267 + 287 - ((33 - (-8 - -2)) + -2)
-17
What is (-22 - (-26 - 94)) + -85?
13
Evaluate -16 + -60 - -56 - -6.
-14
Evaluate -49 - 2 - (40 - 45 - 9).
-37
What is the value of (-29 - -10 - -26) + 85 + (1 - 3) + 4?
94
Evaluate 56 + (56 - 51) + -35.
26
Evaluate 38 + 13 + -13 + 18 + -33.
23
-34 + (103 - 56) - -48
61
What is the value of -26 + 1 + (-558 - -584)?
1
Calculate ((-39 - -40) + -35 + 7 - -18) + 0 + -14.
-23
(-14 - (2 - (0 + 10))) + -1 + 18
11
Calculate -84 + (-21 - -23 - 11) + 3 + 10 + -2.
-82
45 - (66 + -65) - 84
-40
Calculate 21 - 6 - (-572 + 592) - (0 + 143).
-148
Calculate -29 + -1 - (-965 - -917).
18
What is -15 - (-11 + 5 + -23) - (-17 + 1)?
30
-53 + 1 - (-1665 - -1619)
-6
Evaluate (36 - 0 - (-22 + 33 + -13)) + 10.
48
What is the value of 1 + -12 + (-11 - (-11 + 17 + -18)) + 14?
4
What is the value of -1 + 1 + 2 + 7 + -4 + -188 + 232?
49
Calculate 10 + 73 + -4 - (23 + -19 + 11 + -3).
67
Calculate (-3 - -11) + (-22 - -15) - -17.
18
What is (-20 - 39) + (-255 - -256)?
-58
Evaluate (-22 + 34 - (20 - 32)) + -55.
-31
What is the value of 19 - -5 - (79 - (29 + -8))?
-34
What is the value of (-39 - -1) + (-69 - (-38 - -12)) + 51?
-30
Evaluate -3 - -3 - (-1365 + 1366).
-1
10 + -40 + 47 + -115
-98
Calculate 188 - (115 + 25) - -57.
105
-68 + -17 - (-149 - 37)
101
What is the value of (268 - 175) + 4 + -49?
48
(72 - 36) + (31 - 8) + -32
27
What is (-11 - (0 - -7 - (-18 - -23 - 48))) + -13?
-74
42 + (-42 - 15) + 57
42
Calculate 31 + -62 + -18 + 62.
13
What is 7 + 0 + (-11 - 1 - (75 - (52 - -33)))?
5
Evaluate -2 + 3 + -6 - (-8 + (-2 - -11) + -38).
32
What is 10 + 21 - (-136 - -158)?
9
What is the value of -5 - -4 - ((8 - -20) + -42) - (102 - -3)?
-92
Calculate (-43 - -37) + (0 - -3).
-3
Evaluate (-2 - -1) + 132 + -126 + -11 - -29.
23
What is the value of -6 + (-3 - (-5 + 3 + 0) - (605 + -607))?
-5
What is -508 - -556 - (-1 - -33)?
16
What is the value of 62 + (21 - (0 - -46))?
37
Evaluate (12 - 86 - -28) + -115 + 276.
115
16 + -1 - (-5 + 7 + -7)
20
-34 + (-10 - (-4 - (8 - 9) - (13 + -8)))
-36
Evaluate (-23 - -1) + 8 + (-12 - 9).
-35
Evaluate -97 - ((161 - 121) + -161).
24
Evaluate (-21 + -2 - 0) + (-5997 - -5988).
-32
Calculate -13 - ((-7 - -10) + -17 - (2 - -43)).
46
Evaluate -4 + 0 + -80 + 82 + -24 + -23.
-49
What is 45 - (-7 + 31 - -2)?
19
What is the value of 14 + (5 - (-1 - 16 - -5))?
31
What is -116 - (-24 - (41 - (29 + 3)))?
-83
-8 - (-31 - (6 + -5) - 13)
37
Calculate 83 + (-50 - (-9 - -15)).
27
Calculate 27 + -30 + (-3 - 46 - (4 + -10)).
-46
What is the value of 0 - -51 - (5 + 25 + -11 - 5)?
37
What is the value of 8 + (4 - (-3 + -99)) + (1 - 13) - 2?
100
Evaluate 6 - (56 - (20 + 5 + -15)).
-40
Calculate 17 + ((-1 - 0 - -7) + 483 + -490 - -7).
23
0 + 7 + -8 + -7 - (17 - (-3 + 8))
-20
Calculate -17 - (31 + -71 + 69).
-46
What is 66 + (-18 - 35) - (2 + -3 + 17)?
-3
Evaluate (-2 - -4 - -54) + 3 + (211 - 211).
59
What is (5 -